Let g(m) = 22*m**2 - m + 5. Let u be 12/(-9)*(-4)/((-12)/9). Let k be g(u). Suppose -k - 224 = -13*c. What are the prime factors of c?
3, 5
Let x be 6881/(-49) - (11/7 - 2). Let k = 140 - x. List the prime factors of k.
2, 5, 7
Let h = 38 + -13. Suppose 0 = 7*y - 2*y - h. Suppose 71 = -y*t - n + 854, 5*n = -10. What are the prime factors of t?
157
Suppose -9196673 - 11660770 = -175*i - 6132243. What are the prime factors of i?
2, 3, 1753
Suppose 164937 = 46*s + 13788 - 93525. What are the prime factors of s?
3, 197
Let z be -3 - (21/6 - (-1)/(-2)). Let r be (-143)/55 - (-4)/(-10). What are the prime factors of -10*(-8)/z*r?
2, 5
Let j(c) = -c**3 + 16*c**2 + 9*c - 26. Let b = -235 - -243. What are the prime factors of j(b)?
2, 3, 31
Suppose 0*u = 3*u - 33. Let h(f) = -f**3 + 9*f**2 + 22*f + 10. Let b be h(u). Suppose b = -4*j + 438. What are the prime factors of j?
107
Let b(l) = -2 - 5*l + 0 + 6. Let c be b(0). Suppose 3*k - f = f + 227, 0 = -5*k - c*f + 371. What are the prime factors of k?
3, 5
List the prime factors of (300728/(-12))/((-6)/9*1).
37591
Let t = -341 - -366. Suppose 2*m - 8262 = -t*m. What are the prime factors of m?
2, 3, 17
Suppose 15 = 2*k - 4*u - 13, 0 = -3*k + 3*u + 39. Suppose -k*w + 462 = 2*w. Let i = 244 - w. What are the prime factors of i?
211
Suppose -25 + 777 = 4*o. Let p be (-3)/((-63)/(-2406)) + 33/(-77). Let i = p + o. What are the prime factors of i?
73
Let z = 15423 + -10909. What are the prime factors of z?
2, 37, 61
Suppose -4*o = -20*o - 21*o + 246013. List the prime factors of o.
61, 109
Let t = -95 + 127. Suppose 5*o + t = 4*b + 2*o, -4*b = -2*o - 28. Suppose u - w = 154, 3*w - 368 = -b*u + 434. What are the prime factors of u?
2, 79
Let i(o) = o - 4*o - 15 + 32. Let r be i(5). Suppose -r*c + 4*j = 7*j - 4, -c + j = -7. What are the prime factors of c?
5
Let d(l) = 14874*l**3 - l**2 + l + 2. List the prime factors of d(1).
2, 3719
Let t = 99 - -53. Let y = 519 - t. List the prime factors of y.
367
Suppose 82*l = -157*l + 4266706 - 1416153. What are the prime factors of l?
11927
List the prime factors of 1338/16 + (-480)/768.
83
Let p = -792 - -414. Let s = p + 623. What are the prime factors of s?
5, 7
Let x be (-6)/27 + 1/9*-1132. List the prime factors of 13/(351/x)*(-99)/2.
3, 7, 11
Suppose 6*b + 40 = -92. Let z be 236/(-6)*99/b. Let y = z + -1. What are the prime factors of y?
2, 11
Suppose 5*a = -f - 0*f + 20, 0 = -2*f - 2*a + 8. Suppose -4*u + 2*v + f*v = -4140, 2*v + 8 = 0. List the prime factors of u.
1033
Let o(k) = -73*k + 30. Let l(w) = -37*w + 15. Let n(d) = 7*l(d) - 3*o(d). Let f be n(-4). Let q = 297 - f. List the prime factors of q.
2, 61
Suppose 4*i - 4 = -0*i, 3*x - 31 = -i. List the prime factors of 2*619*(7 + -16 + x).
2, 619
Suppose 0 = h - q - 9140, -3*h + 227*q + 27415 = 229*q. What are the prime factors of h?
13, 19, 37
Suppose -c = 4*s - 326 - 564, 2*s = 4*c + 454. Let f = s - 48. What are the prime factors of f?
5, 7
Let u(a) = -15*a - 67. Let b be u(-6). Suppose -b*g + 17826 + 482 = 0. What are the prime factors of g?
2, 199
Suppose -76*m = -329635 - 131286 + 72637. What are the prime factors of m?
3, 13, 131
Suppose -2 + 2 = 287*o - 0. Let w = 15 - 9. Suppose b - w - 19 = o. List the prime factors of b.
5
Let l = 31291 + -12645. List the prime factors of l.
2, 9323
What are the prime factors of 860426/123 - (4/6)/(-1)?
2, 3, 11, 53
Let l(a) = -8*a + 60. Let x be (35/21)/((-3)/27). What are the prime factors of l(x)?
2, 3, 5
Suppose 658 = -v + 5103. Suppose 2*p = 9*p - v. What are the prime factors of p?
5, 127
Let z(b) = -726*b + 6. Let n be z(-3). Suppose -5*f + 2*d = -d + n, f = -3*d - 426. Let i = -300 - f. List the prime factors of i.
3, 5
What are the prime factors of 3/(34/(9674122/69))?
89, 139
Suppose 11*g - 16*g + 72393 = -3*d, -4*g + 57912 = -2*d. What are the prime factors of g?
3, 5, 193
Suppose -5*i = u - 304367, -5*i - 2*u + 281305 = -23064. What are the prime factors of i?
3, 103, 197
Let j(b) = 2*b + 5. Let x(l) = -l**3 + 8*l**2 + 9*l - 5. Let a be x(9). Let y be ((-61)/a - 2) + (-6)/30. List the prime factors of j(y).
5
What are the prime factors of (0 + 1)/(1015462/53445 - 19)?
3, 5, 509
Let q be 1/(7 - (-60)/(-9)). Suppose -3*w + 261 = q*i, -2*w = -0*i + 5*i - 171. List the prime factors of w.
2, 11
Let f = 63630 + -42950. What are the prime factors of f?
2, 5, 11, 47
Suppose 8*v = 1185 + 4031. Suppose 5*m - 1657 = u, 5*u - u + v = 2*m. What are the prime factors of m?
2, 83
Let c(d) = 3*d + 36. Let t be c(0). Let l = 36 - t. Let x(a) = -2*a**2 + 2*a + 71. What are the prime factors of x(l)?
71
Suppose 2*k - 13*k - 6*k = -175559. What are the prime factors of k?
23, 449
Let h be -321 + (8 + -5)*2/3. Let c = h - -619. List the prime factors of c.
2, 3, 5
List the prime factors of (-5)/(-5) + -1 - (0 - (-3 + 3080)).
17, 181
Suppose 19107 = -34*w + 34890 + 37563. List the prime factors of w.
3, 523
Suppose 2*w = -c + 14197, 4*c = -96*w + 98*w - 14202. What are the prime factors of w?
31, 229
What are the prime factors of 63635 - (-7 - ((-2)/2 + (-8)/(-4)))?
31, 2053
Let j be 2/(-5) - 81/(-15). Let w(p) = 5*p - 8 + 13*p - 9*p**2 - p**3 + 12*p**2 + 3. What are the prime factors of w(j)?
5, 7
What are the prime factors of 25644 + 3 + (6/4)/((-9)/54)?
2, 3, 4273
Suppose 0 = 3086*h - 3108*h + 174746. List the prime factors of h.
13, 47
What are the prime factors of (31524/(-15))/((-572)/210 + 112/42)?
2, 7, 37, 71
Suppose 70*y - 1357863 = 25*y + 8*y. List the prime factors of y.
3, 13, 941
Let i = -8899 - -16373. What are the prime factors of i?
2, 37, 101
Let v = 1232 + -625. Let u = -440 + v. List the prime factors of u.
167
Suppose -20*g + 12*g = -14*g + 46092. List the prime factors of g.
2, 23, 167
Suppose -12 = -0*v - 4*v. Let n = v - -26. Suppose n*a = 32*a - 201. List the prime factors of a.
67
List the prime factors of (-23 - 7)/30 + 18565/1.
2, 3, 7, 13, 17
Let b = -5709 + 5704. Let w(v) = -14*v + 0*v**3 - v**3 + 2*v**2 - 15 - 7*v**2. List the prime factors of w(b).
5, 11
Let y = 522 - 168. List the prime factors of y.
2, 3, 59
Suppose -4822 = -5*m - 2*j, -3*j = -144*m + 148*m - 3852. What are the prime factors of m?
2, 3, 7, 23
Let n(t) = 8*t + 48. Let x(r) = r**3 + r - 6. Let i be x(0). Let v be n(i). Suppose v*a + 4*a = 160. List the prime factors of a.
2, 5
Suppose -10*j + 204842 = 40*j - 39558. What are the prime factors of j?
2, 13, 47
Suppose 0 = 142*j - 133*j - 69111. List the prime factors of j.
7, 1097
Suppose -24*c + 101596 - 136520 = -1647028. What are the prime factors of c?
13, 5167
Suppose 7*f - 3*f - 228 = 0. Let w be (-2)/(-8) - f/(-12). Suppose -20 = -3*u - 5, -237 = -s - w*u. List the prime factors of s.
2, 53
What are the prime factors of ((132/(-18))/(-11))/((-236992)/(-118494) - 2)?
3, 29, 227
Let h = -39502 + 68193. List the prime factors of h.
13, 2207
What are the prime factors of -274 + 5171 - 6/(-2)*1?
2, 5, 7
Let t(l) = -17*l**2 + 140*l - 285. Let x(n) = 12*n**2 - 93*n + 190. Let u(y) = 5*t(y) + 7*x(y). What are the prime factors of u(21)?
17, 29
Suppose -3*i - 710 = -3*n + 88, 3 = n. Let t = 20 - i. What are the prime factors of t?
283
Suppose -5*o = s - 29, 10*o - 11*o + 4*s = -10. Let g(z) be the first derivative of z**2 + 7*z + 2. List the prime factors of g(o).
19
Let a = 56 - 21. Suppose -881 = 2*s - 15*s + 68. Suppose 4*r - a - s = 0. What are the prime factors of r?
3
Let f(d) = 2. Let j(g) = 17*g - 104. Let h(i) = 3*f(i) + j(i). What are the prime factors of h(7)?
3, 7
Suppose c = 3*g - 39, 0 = -0*g + 3*g + 2*c - 30. Suppose -25 + g = -f. Suppose -11*l = -f*l + 108. What are the prime factors of l?
2, 3
Let l be ((-1146)/(-8))/((-11)/88). What are the prime factors of (l/8)/((-51)/136)?
2, 191
Let b(o) = -9*o**3 + 3*o**2 + o - 6. Suppose 5*w = -3*d - 9, 4*w - 7*w - 12 = 4*d. What are the prime factors of b(d)?
3, 29
Let q(b) = 7*b**3 + 12*b**2 - 113*b + 560. What are the prime factors of q(5)?
2, 3, 5, 13
List the prime factors of (-5156 + 32)*4/(-12)*4.
2, 7, 61
Suppose -168 - 144 = 24*v. Let g(q) = 2*q**3 + 27*q**2 - 17*q - 31. What are the prime factors of g(v)?
359
Let l(m) = -254*m**3 + 3*m**2 - 2*m - 3. Suppose 5*j - 1 - 24 = 0, 5*p - 3*j + 20 = 0. What are the prime factors of l(p)?
2
Let r be 6/(-57) - 177/(-